t are the prime factors of 7125?
3, 5, 19
List the prime factors of 89096.
2, 7, 37, 43
What are the prime factors of 944?
2, 59
What are the prime factors of 1633?
23, 71
What are the prime factors of 821?
821
List the prime factors of 1268.
2, 317
List the prime factors of 450.
2, 3, 5
List the prime factors of 127654.
2, 83, 769
What are the prime factors of 3298?
2, 17, 97
What are the prime factors of 485?
5, 97
List the prime factors of 585.
3, 5, 13
List the prime factors of 2896.
2, 181
What are the prime factors of 1959?
3, 653
What are the prime factors of 33450?
2, 3, 5, 223
What are the prime factors of 68884?
2, 17, 1013
What are the prime factors of 501?
3, 167
What are the prime factors of 4834?
2, 2417
What are the prime factors of 47269?
47269
What are the prime factors of 27879?
3, 9293
List the prime factors of 3499.
3499
List the prime factors of 2588.
2, 647
List the prime factors of 9699.
3, 53, 61
List the prime factors of 1107.
3, 41
List the prime factors of 1224.
2, 3, 17
List the prime factors of 24006.
2, 3, 4001
What are the prime factors of 7574?
2, 7, 541
What are the prime factors of 71198?
2, 97, 367
List the prime factors of 10772.
2, 2693
List the prime factors of 119326.
2, 59663
What are the prime factors of 7649?
7649
What are the prime factors of 6870?
2, 3, 5, 229
What are the prime factors of 46258?
2, 101, 229
List the prime factors of 17985.
3, 5, 11, 109
What are the prime factors of 11635?
5, 13, 179
What are the prime factors of 13300?
2, 5, 7, 19
List the prime factors of 40536.
2, 3, 563
What are the prime factors of 229?
229
List the prime factors of 4409.
4409
What are the prime factors of 10685?
5, 2137
List the prime factors of 14682.
2, 3, 2447
What are the prime factors of 1722?
2, 3, 7, 41
List the prime factors of 9952.
2, 311
List the prime factors of 1737.
3, 193
What are the prime factors of 52?
2, 13
What are the prime factors of 24288?
2, 3, 11, 23
What are the prime factors of 1532?
2, 383
What are the prime factors of 7151?
7151
What are the prime factors of 15277?
15277
List the prime factors of 19484.
2, 4871
What are the prime factors of 83166?
2, 3, 83, 167
List the prime factors of 41713.
7, 59, 101
List the prime factors of 85796.
2, 89, 241
What are the prime factors of 114615?
3, 5, 283
List the prime factors of 23252.
2, 5813
List the prime factors of 39849.
3, 37, 359
List the prime factors of 91149.
3, 23, 1321
List the prime factors of 3001.
3001
List the prime factors of 3906.
2, 3, 7, 31
List the prime factors of 54702.
2, 3, 1013
List the prime factors of 15537.
3, 5179
List the prime factors of 1802.
2, 17, 53
What are the prime factors of 8181?
3, 101
List the prime factors of 1810.
2, 5, 181
List the prime factors of 6212.
2, 1553
List the prime factors of 42574.
2, 7, 3041
List the prime factors of 924.
2, 3, 7, 11
What are the prime factors of 10584?
2, 3, 7
What are the prime factors of 21638?
2, 31, 349
List the prime factors of 38353.
7, 5479
What are the prime factors of 76855?
5, 19, 809
What are the prime factors of 69556?
2, 17389
List the prime factors of 2368.
2, 37
What are the prime factors of 4688?
2, 293
What are the prime factors of 706?
2, 353
What are the prime factors of 232?
2, 29
List the prime factors of 5937.
3, 1979
List the prime factors of 847.
7, 11
What are the prime factors of 26534?
2, 13267
What are the prime factors of 84049?
7, 12007
List the prime factors of 25844.
2, 7, 13, 71
List the prime factors of 19263.
3, 6421
What are the prime factors of 52439?
41, 1279
What are the prime factors of 39562?
2, 131, 151
List the prime factors of 7043.
7043
What are the prime factors of 8754?
2, 3, 1459
What are the prime factors of 28718?
2, 83, 173
List the prime factors of 1745.
5, 349
List the prime factors of 1883.
7, 269
List the prime factors of 85047.
3, 28349
List the prime factors of 6462.
2, 3, 359
What are the prime factors of 293?
293
List the prime factors of 10915.
5, 37, 59
List the prime factors of 47.
47
List the prime factors of 9605.
5, 17, 113
List the prime factors of 44819.
44819
List the prime factors of 6563.
6563
List the prime factors of 3246.
2, 3, 541
What are the prime factors of 16096?
2, 503
What are the prime factors of 4713?
3, 1571
What are the prime factors of 3633?
3, 7, 173
List the prime factors of 244.
2, 61
What are the prime factors of 3921?
3, 1307
What are the prime factors of 848?
2, 53
What are the prime factors of 1031?
1031
What are the prime factors of 35600?
2, 5, 89
What are the prime factors of 252?
2, 3, 7
What are the prime factors of 101371?
17, 67, 89
List the prime factors of 2709.
3, 7, 43
What are the prime factors of 20557?
61, 337
List the prime factors of 4042.
2, 43, 47
What are the prime factors of 8847?
3, 983
List the prime factors of 1251.
3, 139
List the prime factors of 4101.
3, 1367
What are the prime factors of 10603?
23, 461
List the prime factors of 71316.
2, 3, 7, 283
What are the prime factors of 65478?
2, 3, 7, 1559
What are the prime factors of 44149?
7, 17, 53
What are the prime factors of 1545?
3, 5, 103
What are the prime factors of 134024?
2, 11, 1523
List the prime factors of 13858.
2, 13, 41
List the prime factors of 909.
3, 101
What are the prime factors of 50319?
3, 5591
What are the prime factors of 2171?
13, 167
What are the prime factors of 7425?
3, 5, 11
What are the prime factors of 1115?
5, 223
What are the prime factors of 937?
937
What are the prime factors of 26198?
2, 13099
What are the prime factors of 1839?
3, 613
What are the prime factors of 513?
3, 19
List the prime factors of 89642.
2, 7, 19, 337
What are the prime factors of 921?
3, 307
List the prime factors of 9281.
9281
What are the prime factors of 93520?
2, 5, 7, 167
List the prime factors of 944.
2, 59
List the prime factors of 59484.
2, 3, 4957
What are the prime factors of 59781?
3, 19927
What are the prime factors of 28863?
3, 1069
List the prime factors of 1435.
5, 7, 41
What are the prime factors of 796?
2, 199
List the prime factors of 958.
2, 479
What are the prime factors of 3228?
2, 3, 269
What are the prime factors of 9007?
9007
What are the prime factors of 6767?
67, 101
List the prime factors of 2807.
7, 401
What are the prime factors of 24250?
2, 5, 97
List the prime factors of 2407.
29, 83
List the prime factors of 1311.
3, 19, 23
List the prime factors of 744.
2, 3, 31
List the prime factors of 1524.
2, 3, 127
List the prime factors of 12203.
12203
List the prime factors of 3138.
2, 3, 523
What are the prime factors of 3655?
5, 17, 43
List the prime factors of 2844.
2, 3, 79
List the prime factors of 86820.
2, 3, 5, 1447
List the prime factors of 2781.
3, 103
What are the prime factors of 1046?
2, 523
List the prime factors of 4085.
5, 19, 43
What are the prime factors of 738?
2, 3, 41
What are the prime factors of 153994?
2, 37, 2081
What are the prime factors of 23525?
5, 941
What are the prime factors of 74882?
2, 37441
List the prime factors of 49112.
2, 7, 877
List the prime factors of 2519.
11, 229
List the prime factors of 292.
2, 73
What are the prime factors of 893?
19, 47
What are the prime factors of 1383?
3, 461
List the prime factors of 1631.
7, 233
List the prime factors of 112.
2, 7
List the prime factors of 39100.
2, 5, 17, 23
What are the prime factors of 17577?
3, 7, 31
What are the prime factors of 1917?
3, 71
What are the prime factors of 3885?
3, 5, 7, 37
What are the prime factors of 4709?
17, 277
What are the prime factors of 50155?
5, 7, 1433
What are the prime factors of 2957?
2957
What are the prime factors of 27140?
2, 5, 23, 59
List the prime factors of 96.
2, 3
What are the prime factors of 9979?
17, 587
List the prime factors of 1313.
13, 101
List the prime factors of 16356.
2, 3, 29, 47
What are the prime factors of 4138?
2, 2069
List the prime factors of 1068.
2, 3, 89
What are the prime factors of 24753?
3, 37, 223
What are the prime factors of 1603?
7, 229
What are the prime factors of 246?
2, 3, 41
What are the prime factors of 19132?
2, 4783
List the prime factors of 17174.
2, 31, 277
List the prime factors of 907.
907
What are the prime factors of 2649?
3, 883
What are the prime factors of 137?
137
List the prime factors of 4503